Suppose 0 = 2*m - 25 - 5. Let x = m + i. What is the units digit of x?
4
Suppose 3*c = 2*f - 9, -2*f - c = 3*c - 44. What is the tens digit of f?
1
Let z = -10 + 7. Let k(f) = -f + 2. Let b be k(z). Suppose -h = 2*d - 8, -3*d - 5*h - b = -24. What is the units digit of d?
3
Let v = 8 + -13. Let g = v - -6. What is the units digit of g?
1
Suppose -4*t + 2*t + 6 = 0. What is the units digit of (t + (-10 - -2))/(-1)?
5
What is the units digit of 1*(0 + 2 + -1)?
1
Suppose 0 = b - 2*x - 2, -2 = -x - 0*x. Let r(s) = 2*s**2 - 2*s - 5. What is the tens digit of r(b)?
5
Suppose 157 - 19 = l. What is the tens digit of l?
3
Suppose 0 = y - 3*y. Suppose n - 2*n + 26 = y. What is the tens digit of n?
2
Suppose 3*x - 5*x = -4. Let b = -15 - -21. Suppose -4*y + x = k, 2*y = k - 4*k + b. What is the units digit of k?
2
Let d = -1 - -5. Suppose -d*w + 11 = 5*q, 2*q - 9 = -0*q + 3*w. Suppose 4*z - 53 = -b, q*b + 61 = 5*z - b. What is the units digit of z?
3
Suppose -5*b + 11 = -29. Suppose 5*i + b = 63. What is the units digit of i?
1
Suppose -2*l + 5*p - 13 = 0, 3*p - 2*p = l - 1. Let x = l - -10. What is the units digit of x?
6
Let m be 3/15 - 14/(-5). Suppose -5*o + 102 = -m*t, 7 = 4*o - 3*t - 74. What is the tens digit of o?
2
Suppose -4*q = -7*q - 9. Let k = 4 - q. What is the units digit of k?
7
Let j = -8 + 12. Let z = j + 9. What is the units digit of z?
3
Let q(j) = -j + 5. Let z be (12/10)/(9/(-30)). What is the units digit of q(z)?
9
Let d be (-1)/(-1) - -2*1. Suppose 0 = -y - 4*y + s + 15, 32 = d*y + 4*s. What is the units digit of y?
4
Suppose -2*m - 61 - 75 = -q, 5*q + m - 691 = 0. What is the units digit of q?
8
Suppose 0*s = -s - 2*m + 28, 5*m = s. Let r be 8 + 0 + 0/(-2). Let v = s - r. What is the units digit of v?
2
Let u = 13 - 6. Let x(z) = 0*z - u*z - 3 + 0 - z**2. What is the units digit of x(-6)?
3
Let x be 16/(-3 - (-3 + -2)). Let r be x/6*(-12)/8. What is the units digit of 0 + r - (-23)/1?
1
Suppose 5*x = 3*a + 139, 5*x + 3*a = 109 + 42. Let r = 48 - x. What is the tens digit of r?
1
What is the units digit of (6/(-8))/(4/(-160))?
0
Suppose -2*t = -6*t + 84. What is the tens digit of (-3)/t - 232/(-7)?
3
Suppose -14 = 3*o - 74. What is the units digit of o?
0
Let h be (2 + 1)/(3 - 2). What is the units digit of 18/15*20/h?
8
Let d(y) = 2*y**3 - 5*y**2 - 6. Let m be d(4). Suppose -14*k - m = -17*k. What is the tens digit of k?
1
Let w(u) = -u**2 - 5*u - 2. Let h be w(-4). Suppose 5*a - h = 3. What is the units digit of a?
1
Suppose 0 = 3*v - b - 64 - 95, 0 = -2*v + 2*b + 102. What is the units digit of v?
4
Let v(c) = c + 16. Let a be v(-5). Suppose -a = -n + 42. What is the tens digit of n?
5
Let f = 3 + 5. Suppose 8*o - 4*o - f = 0. Suppose -o*t - 2*t = -12. What is the units digit of t?
3
Let a(g) = -g + 3. Let t be a(0). Suppose -6*b + 5*o + 3 = -t*b, o + 2 = 2*b. Suppose -2*m = -0*m - 6, -w = -m + b. What is the units digit of w?
2
Let t = -5 - -8. Let j be (t/2)/(12/448). Suppose -m = -5*m + j. What is the units digit of m?
4
Let m(k) = k**2 + 11*k + 7. Let y be m(-9). Let t = -8 - y. Suppose 4*j + 30 = 5*d, -3*d - 3 = t*j - 48. What is the tens digit of d?
1
Suppose 2*u = u - 1. Let f be (-4)/u - (-3 + 3). Suppose -f*r = -18 + 2. What is the units digit of r?
4
Suppose -x = -3*i - 1, -i + 4*x = 3*i + 4. Let z(y) = i + y + y + 1. What is the units digit of z(4)?
9
Let q(c) = 3*c + 7. What is the tens digit of q(13)?
4
Suppose 0 = -2*l - 4*r - 4, -29 = -5*l + 2*r - 3. Suppose -3*o - 3 = -z, l*z - 12 = 3*o - 2*o. Suppose q - 2 - 6 = o. What is the units digit of q?
8
Let b = 3 - 2. Let j(r) be the third derivative of r**4/8 - 2*r**2. What is the units digit of j(b)?
3
Let p(o) = -71*o + 1. Let a be p(-1). Suppose 95 = h + 4*r + 31, -h + a = -4*r. Suppose -5*x + 32 = -h. What is the units digit of x?
0
Let z(k) = -73*k. What is the units digit of z(-1)?
3
Let k = 9 + 2. Let m(d) = d + 10. What is the units digit of m(k)?
1
Let s(c) = 2*c**3 - 2*c**2 - 3*c + 3. Let i be s(2). Suppose 6 = -6*w + 3*w. What is the units digit of i + w + 0 + 2?
5
Suppose 8*t = 2*t + 930. What is the hundreds digit of t?
1
Let q(g) = -15*g. Let i(n) = n**3 - 5*n**2 - 4*n + 3. Let t be i(6). Suppose 0 = 4*f - 20, 2*f - t = 5*y - 0*f. What is the tens digit of q(y)?
1
Suppose 3*w - 6906 = 1917. What is the units digit of w/85 + (-3)/5?
4
Suppose -37 - 43 = -y. What is the units digit of y?
0
Let l(b) = 5*b - 4. Suppose -2*i - i + y + 27 = 0, -2*i + 25 = -3*y. What is the tens digit of l(i)?
3
Suppose 4*g - 9 = 3*g. Let j = -7 + g. Let a(p) = 2*p**2 - 3*p + 1. What is the units digit of a(j)?
3
Let f(b) = 5 - 5*b**2 + b**3 - 6*b - 2*b**2 + 5*b**2. What is the units digit of f(4)?
3
Let y = -39 + 61. What is the units digit of y?
2
Suppose 3*f = 6*f + 18. Let h(g) = -5*g**2 - 7*g - 2. Let c(p) = 11*p**2 + 15*p + 3. Let j(x) = f*c(x) - 13*h(x). What is the units digit of j(0)?
8
Let t = -55 - -77. Suppose z + t = 3*z. What is the units digit of z?
1
Let n(x) = -3*x**3 + 4*x**2 - 2*x - 2. Let j be n(2). Let b = j - -20. What is the units digit of b?
6
Suppose 0 = 5*i - 10, k + 2*i - 15 - 1 = 0. What is the tens digit of k/(-21) - (-235)/7?
3
What is the tens digit of (-4)/(-2)*(-533)/(-26)?
4
Suppose -12 = 4*d, 2*h = -8*d + 3*d - 29. Let j = 12 + h. What is the units digit of j - (-1 + 2 + -3)?
7
Let t = -13 + 21. Suppose 3*q + t = -4. What is the units digit of (5 + q)/((-1)/(-2))?
2
Let n = -52 + 88. What is the units digit of n?
6
Let l(z) = 3*z**2 - 8*z + 2*z**2 + z**3 + 2 + 2*z**2. Suppose 5*f = 0, -9 - 7 = 2*m + 5*f. What is the units digit of l(m)?
2
Let i = -274 + 392. What is the units digit of i?
8
Suppose -r = 2*q - 0*q - 46, -r = 3*q - 71. Let z = q + -1. What is the units digit of z?
4
Suppose 4*z + 2*i = 106, 0*z + 5*i - 49 = -z. What is the units digit of z?
4
Suppose 0 = -4*r + 368 + 604. What is the units digit of r?
3
Let b(s) be the third derivative of 5*s**4/8 - s**2. What is the tens digit of b(1)?
1
Let j = 16 - 10. Suppose 2*l - 4*l + j = 0. What is the units digit of l?
3
Let u(y) = -3*y**3 + 3*y**2 + 4*y + 3. Let f be u(-2). Suppose 2*r + f + 31 = 4*t, r - 41 = -2*t. Let p = -12 + t. What is the units digit of p?
6
Suppose 3*n + n = -20. Let q(m) = 3*m - 1. Let i be q(n). What is the tens digit of (8/i)/((-2)/40)?
1
Let m(t) = -2*t + 5. Let r = 9 - 1. Let k be m(r). What is the tens digit of (0 + k + 0)/(-1)?
1
Let m = -31 + 20. What is the units digit of -4 - m*(0 - -1)?
7
Let j = -16 + 22. Suppose 0*c + c = j. What is the units digit of c?
6
Suppose -q + 21 = -3*z + 4*z, -81 = -4*z - q. What is the tens digit of z?
2
Let a(g) be the second derivative of g**5/20 + 5*g**4/12 - g**3 - 3*g**2 - 3*g. What is the units digit of a(-5)?
4
What is the units digit of 7/(14/102)*1?
1
Suppose 0*q - 3*z = 2*q - 10, -2*q + 10 = 5*z. Suppose -1 = -3*i + q*x + 8, -2*x = 4*i - 12. Suppose 0*p - i*p + 27 = 0. What is the units digit of p?
9
Suppose 0 = -4*y + 3*k + 12, -5*y - 1 = 2*k - 16. Suppose 36 = y*s - 3. What is the tens digit of s?
1
Suppose g - 48 = 24. What is the tens digit of g?
7
Let h be (18/24)/((-1)/(-12)). Let j = h - 7. What is the units digit of ((-15)/10)/((-1)/j)?
3
Let i(l) = -l**3 - 7*l**2 - 9*l - 5. Let n = -18 + 12. Let x be i(n). Let z = -7 + x. What is the units digit of z?
6
Let q be 1 + -3 + 14/2. Suppose 5 = -q*h - 5*z, 4*z + 1 = -3*h - 5. What is the units digit of h?
2
Let u = 32 + -7. What is the tens digit of u?
2
Suppose 0*l + 93 = 3*l. Suppose -l - 9 = -5*x. What is the units digit of x?
8
Let f be (3 + 1/(-2))*-2. Let v = 10 + f. What is the units digit of v?
5
Suppose 4*k = -u + k - 1, k - 18 = -4*u. Let n = u + -1. Suppose 0 = y - n - 4. What is the units digit of y?
8
Suppose 2 = 2*d + g, 5*d = -5*g + 9 - 4. What is the units digit of 5 + d + -3 - -6?
9
Suppose -3*m + 201 = 4*z, -5*m - 107 = -2*z - 0*m. What is the units digit of z?
1
Let h(m) = 4*m + 2. Let g(x) = -9*x - 3. Let f(k) = 6*g(k) + 11*h(k). Let v be f(4). Let j = v - -50. What is the tens digit of j?
1
Suppose 5*d + 27 = 2*d. Let q(n) = 16*n + 5. Let k(w) = -3*w - 1. Let u(s) = 11*k(s) + 2*q(s). What is the units digit of u(d)?
8
Let u = 12 - -2. What is the units digit of u?
4
Let s(r) = 4*r**3 - 4*r**2 + 5*r - 2. Let b(w) = -5*w**3 + 4*w**2 - 